lculate the remainder when 156764 is divided by 2016.
1532
What is the remainder when 6889433 is divided by 4?
1
Calculate the remainder when 18278 is divided by 453.
158
What is the remainder when 907549 is divided by 69?
61
Calculate the remainder when 3404087 is divided by 3404068.
19
Calculate the remainder when 13827 is divided by 1662.
531
What is the remainder when 90577832 is divided by 4313230?
2
What is the remainder when 15536807 is divided by 609?
608
What is the remainder when 1310111 is divided by 33575?
686
What is the remainder when 266363 is divided by 171?
116
Calculate the remainder when 260483 is divided by 1451.
754
What is the remainder when 1976760 is divided by 74?
72
What is the remainder when 9852810 is divided by 123?
18
Calculate the remainder when 91793 is divided by 137.
3
Calculate the remainder when 1076293 is divided by 56.
29
What is the remainder when 148088 is divided by 18510?
8
Calculate the remainder when 7017951 is divided by 44.
39
Calculate the remainder when 2546526 is divided by 120.
6
What is the remainder when 62994282 is divided by 51?
0
What is the remainder when 731626 is divided by 604?
182
Calculate the remainder when 17214409 is divided by 149.
141
Calculate the remainder when 4100050 is divided by 303.
157
What is the remainder when 223625 is divided by 256?
137
What is the remainder when 838426029 is divided by 19?
14
What is the remainder when 99250904 is divided by 677?
673
Calculate the remainder when 1280937 is divided by 106744.
9
Calculate the remainder when 659740 is divided by 597.
55
What is the remainder when 1402840 is divided by 1943?
1937
Calculate the remainder when 218462 is divided by 43683.
47
Calculate the remainder when 152932 is divided by 25423.
394
What is the remainder when 135628 is divided by 739?
391
Calculate the remainder when 731511 is divided by 38500.
11
What is the remainder when 1490749 is divided by 745368?
13
What is the remainder when 49742798 is divided by 4?
2
Calculate the remainder when 7687199 is divided by 44693.
3
Calculate the remainder when 20922610 is divided by 523.
518
What is the remainder when 4488947 is divided by 2083?
82
Calculate the remainder when 171454078 is divided by 16.
14
What is the remainder when 5202018 is divided by 121?
107
What is the remainder when 1328196 is divided by 272?
20
What is the remainder when 128724477 is divided by 4608?
4605
Calculate the remainder when 270755 is divided by 35.
30
Calculate the remainder when 1286059 is divided by 21.
19
Calculate the remainder when 10965647 is divided by 5482816.
15
Calculate the remainder when 535498 is divided by 6529.
120
What is the remainder when 61667590 is divided by 2983?
31
What is the remainder when 542188228 is divided by 1195?
1193
What is the remainder when 4694398 is divided by 383?
350
Calculate the remainder when 1574137 is divided by 75.
37
Calculate the remainder when 447025 is divided by 206.
5
What is the remainder when 1096236 is divided by 903?
897
What is the remainder when 98783 is divided by 1659?
902
Calculate the remainder when 604044 is divided by 201345.
9
Calculate the remainder when 66389031 is divided by 4925.
31
Calculate the remainder when 3333761 is divided by 65367.
44
Calculate the remainder when 2917998 is divided by 69.
57
Calculate the remainder when 7743050 is divided by 842.
18
Calculate the remainder when 1075944 is divided by 3968.
616
What is the remainder when 1613253 is divided by 816?
21
What is the remainder when 229933 is divided by 176?
77
Calculate the remainder when 101322552 is divided by 1676.
1648
Calculate the remainder when 15108 is divided by 666.
456
Calculate the remainder when 260345 is divided by 2625.
470
Calculate the remainder when 437779780 is divided by 111.
109
Calculate the remainder when 3261386 is divided by 165.
161
Calculate the remainder when 11814291 is divided by 1687752.
27
Calculate the remainder when 197612 is divided by 5.
2
What is the remainder when 4914084 is divided by 34?
30
What is the remainder when 228211 is divided by 37827?
1249
What is the remainder when 5129191 is divided by 2936?
2935
Calculate the remainder when 343197 is divided by 9020.
437
Calculate the remainder when 732790 is divided by 73199.
800
Calculate the remainder when 7152980 is divided by 1555.
1535
What is the remainder when 3577211 is divided by 119238?
71
What is the remainder when 6947191 is divided by 2195?
16
What is the remainder when 32627714 is divided by 15?
14
What is the remainder when 6069601 is divided by 9619?
12
Calculate the remainder when 15613 is divided by 197.
50
What is the remainder when 63043 is divided by 323?
58
What is the remainder when 197467 is divided by 654?
613
Calculate the remainder when 928121874 is divided by 23.
22
Calculate the remainder when 119902 is divided by 455.
237
What is the remainder when 1541325 is divided by 18349?
9
What is the remainder when 39082 is divided by 7814?
12
What is the remainder when 36714504 is divided by 295?
279
Calculate the remainder when 3709522 is divided by 8667.
46
Calculate the remainder when 75502 is divided by 3022.
2974
What is the remainder when 25240749 is divided by 2029?
2018
Calculate the remainder when 21774 is divided by 1930.
544
Calculate the remainder when 68993 is divided by 4502.
1463
Calculate the remainder when 5889299 is divided by 24.
11
Calculate the remainder when 48673 is divided by 1126.
255
Calculate the remainder when 190153710 is divided by 71272.
14
What is the remainder when 68089885 is divided by 469?
465
What is the remainder when 5408076 is divided by 2704027?
22
Calculate the remainder when 281915 is divided by 2152.
3
Calculate the remainder when 397828 is divided by 131.
112
Calculate the remainder when 18289 is divided by 350.
89
What is the remainder when 16526892 is divided by 2062?
2024
Calculate the remainder when 18813646 is divided by 951.
13
What is the remainder when 7893931 is divided by 37770?
1
Calculate the remainder when 243775 is divided by 4599.
28
What is the remainder when 57775027 is divided by 202?
199
What is the remainder when 204413159 is divided by 503?
498
Calculate the remainder when 107250 is divided by 793.
195
Calculate the remainder when 13572348 is divided by 2771.
2761
Calculate the remainder when 969967 is divided by 7132.
15
What is the remainder when 472169 is divided by 1135?
9
Calculate the remainder when 196122 is divided by 196015.
107
What is the remainder when 1785550 is divided by 930?
880
Calculate the remainder when 39895650 is divided by 484.
14
What is the remainder when 743684 is divided by 1?
0
What is the remainder when 68404 is divided by 13558?
614
Calculate the remainder when 175729338 is divided by 68.
66
What is the remainder when 112133 is divided by 27417?
2465
Calculate the remainder when 238211 is divided by 33877.
1072
Calculate the remainder when 18672809 is divided by 3220.
29
Calculate the remainder when 1188 is divided by 1094.
94
Calculate the remainder when 72474465 is divided by 169.
167
Calculate the remainder when 789299 is divided by 619.
74
What is the remainder when 2727190 is divided by 681786?
46
Calculate the remainder when 85583364 is divided by 42791679.
6
What is the remainder when 17071430 is divided by 353?
350
Calculate the remainder when 784742 is divided by 599.
52
What is the remainder when 196015734 is divided by 587?
585
Calculate the remainder when 5113156 is divided by 1937.
1413
What is the remainder when 373673390 is divided by 91?
90
Calculate the remainder when 800792 is divided by 23959.
10145
Calculate the remainder when 3428416 is divided by 113.
109
Calculate the remainder when 2041015 is divided by 153.
148
What is the remainder when 1922845 is divided by 320470?
25
What is the remainder when 52103 is divided by 51465?
638
What is the remainder when 294367 is divided by 282?
241
Calculate the remainder when 10184348 is divided by 13.
5
What is the remainder when 151143 is divided by 153?
132
What is the remainder when 211041508 is divided by 1688332?
8
What is the remainder when 42812899 is divided by 534?
517
What is the remainder when 108442 is divided by 20890?
3992
What is the remainder when 337151729 is div